e (r/5)/((-12)/40). Suppose t*l = -5*d + 137, 12 + 73 = 4*d - 5*l. What is the tens digit of d?
2
Let v = 2908 - 1693. Let q = v - 443. What is the units digit of q?
2
Let q = -4 + 8. Let i(m) be the first derivative of m**4/4 - 5*m**2/2 + 7*m + 589. What is the units digit of i(q)?
1
Let v = -84 + 60. Let q(n) = -12*n + 46. Let j be q(v). Suppose -o - j = -3*o. What is the tens digit of o?
6
Suppose 4*d - 112 = -4*d. Suppose d*z - 6*z = 688. What is the units digit of z?
6
Suppose 3*h - 27 - 15 = 0. Let w be (21/h)/((-3)/(-10)). Suppose -121 = -2*q + w*x + 84, -3*x = -2*q + 203. What is the tens digit of q?
0
Let j be ((-4)/6)/(1/3) + 137. What is the hundreds digit of 22/(-8)*(-7 + j/(-3))?
1
What is the hundreds digit of (3/(-12)*36/(-2))/((-2)/(-20780))?
7
Let t = -2531 - -7151. What is the thousands digit of t?
4
Let t = -7506 - -14768. What is the thousands digit of t?
7
Suppose -7*o - 24 = o. Let c(s) = s + 7. Let b be c(o). Suppose -b*n + 59 + 153 = 0. What is the units digit of n?
3
Let a(z) be the second derivative of 77*z**3/3 + z**2/2 - 7*z. Let y = 120 + -119. What is the tens digit of a(y)?
5
Let u(r) = -r**2 + r + 214. Let v(w) = w**2 - 25*w + 24. Let l be v(24). What is the units digit of u(l)?
4
Let u(d) = 1183*d - 1260. What is the units digit of u(8)?
4
Let j = -349 + 116. Let t = j + 343. What is the units digit of t?
0
Suppose -8*h - 10*q = -5*q - 110983, -2*h + 27772 = -4*q. What is the thousands digit of h?
3
Let n = 130136 + -89589. What is the tens digit of n?
4
Let r(q) = -q**2 + 2*q + 228. Let l(y) = -y**2 + 17*y - 36. Let z be l(12). Suppose 6*c = z*c. What is the hundreds digit of r(c)?
2
Suppose -18180 - 90320 = -43*b + 202949. What is the thousands digit of b?
7
Suppose 2*p + 6*y - 7*y - 22256 = 0, y = -3*p + 33384. What is the tens digit of p?
2
What is the units digit of 47366/14 + 1295/1813?
4
Let j = 9379 - 7434. What is the thousands digit of j?
1
Suppose 34*g - 169607 - 198676 = -80405. What is the hundreds digit of g?
4
Suppose 19*n - 11 = 2*f + 14*n, n = -3*f + 9. Suppose 2*o + 5*s = 576, f*o + 4*s - 316 = 258. What is the units digit of o?
3
Suppose -10*s + 3224 = -6*s. Suppose 5*n = -4*j + 1005, -n + 211 = 4*j - s. What is the tens digit of j?
5
What is the units digit of 100/50 - (8106/(-12))/((-1)/(-24))?
4
Let d be (3 - -1)/2 + (8 - 8). Suppose 0*l = -l + 1, -d*q - 5*l = 55. What is the tens digit of (-135)/(-2) + 15/q?
6
Let o = 84 - 73. Suppose -14*k = -o*k - 483. Suppose 2*q - k - 19 = 0. What is the units digit of q?
0
Let h(j) = j**2 - 3*j - 11. Let s be h(6). Suppose -1176 = -3*k - s*b + 4*b, 4*k = -3*b + 1563. What is the tens digit of k?
8
Let m(t) = 328*t - 2. Let i be -4 + (-25 + 22)*10/(-6). What is the tens digit of m(i)?
2
Let a(d) = -13*d + 5. Let o(f) = -f**2 - 38*f + 15. Let s(i) = -7*a(i) + 2*o(i). Let u be s(7). Suppose -u*w - 12 = -5*w. What is the units digit of w?
4
Let g = -264 + 269. Suppose 4*j - 216 = -2*t, g*j = 5*t - 334 - 131. What is the tens digit of t?
9
Let u(h) be the third derivative of h**6/120 + 11*h**5/60 - 7*h**4/12 + h**3/2 + 2*h**2 - 77. Let k = 15 - 27. What is the tens digit of u(k)?
2
Suppose 0 = -4*u - 669 + 25. Let p = u - -237. What is the units digit of p?
6
Suppose -21*z + 17*z + f + 59720 = 0, 44797 = 3*z + f. What is the units digit of z?
1
Let v(q) = -528*q - 12515. What is the tens digit of v(-80)?
2
Let u = 755 + -385. Let q = 789 - u. What is the tens digit of q?
1
Let v(p) be the second derivative of -4*p**2 + 0 - 1/6*p**3 + 14*p. What is the units digit of v(-17)?
9
Let i(l) = -8*l - 10. Let t be i(3). What is the hundreds digit of 10*(t/12 - -3)*405?
6
Let g = -50765 - -93226. What is the thousands digit of g?
2
Let p(d) = -2*d. Suppose 0 = 4*n - 6*n - 4. Let r be p(n). Suppose 3*k + 56 = 3*l + 8, l + 9 = -r*k. What is the units digit of l?
1
Let g = -33386 + 50137. What is the thousands digit of g?
6
Suppose 0 = 3*f + 2*v - 19071 - 6798, 3*v = 2*f - 17259. What is the units digit of f?
5
Suppose -2*c = -52 - 1168. Suppose 0*p + 4*w - 208 = -p, -3*p = 5*w - c. What is the hundreds digit of p?
2
Let m(d) = 247*d - 173*d + 159 + 113 - 31. What is the tens digit of m(7)?
5
Let i(z) be the third derivative of 5*z**5/12 - 19*z**4/24 - 34*z**3/3 + 6*z**2. What is the hundreds digit of i(-4)?
4
Let j be 9*(-1 - 0)*(-1155)/693. Let r(t) = -t**2 + 29*t + 25. What is the units digit of r(j)?
5
Let r(l) = -l**3 - 3*l**2 - l + 7*l**2 + l**2. Let o be -2 + (6/1)/(3/3). What is the tens digit of r(o)?
1
Let o(n) = 17*n - 50. Let d(h) = 1. Let w(m) = -3*d(m) + o(m). Suppose 0 = 17*s - 42 - 94. What is the tens digit of w(s)?
8
What is the thousands digit of -4 + 2824 - 5 - 7/1?
2
Suppose 23 = -40*d + 17*d. Let m(v) = 30*v**2 - 5*v - 1. What is the units digit of m(d)?
4
Suppose -26*k = -24*k - 60. Let n be (-12)/k - (-44)/10. Suppose -h = -1 + 2, -4*d + n*h + 232 = 0. What is the tens digit of d?
5
Let s be (-6)/51 - 45428/(-34). Suppose 3*c = -3*q + 2004, -2*c = 2*q + q - s. What is the tens digit of c?
6
Suppose 0 = 3*w + 9, -w - 10839 = -j - 2*j. Suppose 5*t + t - j = 0. Suppose -7*q + t = -0*q. What is the units digit of q?
6
Let g = 243 - -2. Suppose -9*u + 3773 = g. What is the hundreds digit of u?
3
Let a = 1218 + 4276. What is the thousands digit of a?
5
Suppose 0 = -4*r + 2*c + 26 - 4, 4*c = -3*r - 11. Let g be 5144/12 + 4/r + -1. Suppose -3*n + 3*o = -g + 66, 2*n - 242 = -4*o. What is the units digit of n?
1
Let w = -630 - -1349. Suppose 3*a = w + 151. Let d = a + -101. What is the hundreds digit of d?
1
Let i(f) = -3*f**3 + 23*f**2 + 62*f + 578. What is the hundreds digit of i(-11)?
6
Suppose 0 = -3*y - 3*q + 3, 2*y + q = 7*y + 25. What is the units digit of ((-24)/3 - y) + 302?
8
Suppose 10 = 5*c, -8*v + 3*v + 985 = 5*c. Let n = v + -104. Suppose n = 4*a - 197. What is the tens digit of a?
7
Suppose -54*h = -31*h - 252425. What is the thousands digit of h?
0
Let n be (-7 + 3)/(-12)*6. Suppose 0 = 5*b - 4*x - 1501, -279 - 626 = -3*b - n*x. What is the units digit of b?
1
Suppose -48907 = 18*h - 22*h - 3*j, -4*h + 48912 = 4*j. What is the ten thousands digit of h?
1
Let x be (-3)/(-4 - -7) - 15/(-3). Suppose 0 = -s - 2*s + x*d + 3624, 3*d = -2*s + 2433. What is the tens digit of s?
1
Suppose -2*n + 588 = i, -n + 5*n - 1184 = 2*i. Suppose -40 = h - n. What is the hundreds digit of (28/(-10))/((-6)/h)?
1
Let v(r) = 4*r**2 + 17*r + 17. Let y be v(-1). Let j = y + 261. What is the tens digit of j?
6
Let s(l) be the third derivative of 0*l + 0*l**5 - 7/120*l**6 + 0 - 7*l**2 + 0*l**3 + 1/24*l**4. What is the units digit of s(-1)?
6
Suppose -3*b + 1082 + 12391 = 3*d, -4 = 2*d. What is the thousands digit of b?
4
Let j = 221 + -207. Suppose -3*s = j*s - 7990. What is the tens digit of s?
7
Suppose -124 = -11*v + 525. Let x = 504 - v. What is the tens digit of x?
4
Let x = 9829 + -6904. What is the units digit of x?
5
Suppose 611 = 10*j + 4361. Let z = j + 579. What is the hundreds digit of z?
2
Suppose -2288 = -103*b + 95*b. Let k = -245 + b. What is the units digit of k?
1
Suppose -2*q + 4*w + 74 = 0, -3*w - 21 = -9. Let n(x) = 3*x - 73. What is the units digit of n(q)?
4
Let c be (-381)/(-1 + 2/(-4)). Let q be (0 + 2)*6/2. Suppose -q*s + c = -118. What is the units digit of s?
2
Let m = -3 - -10. Let d(t) = -t**2 - 43*t - 107. Let z be d(-30). Suppose -277 - z = -m*k. What is the tens digit of k?
8
Let i(p) = -3497*p + 288. What is the hundreds digit of i(-5)?
7
Let a(k) be the first derivative of -45*k**2/2 - 32*k + 36. What is the hundreds digit of a(-6)?
2
Suppose 2 - 12 = -w. Let f = 8 + -10. What is the tens digit of (4/w)/(f/(-120))?
2
Let w = 20104 - 7914. What is the hundreds digit of w?
1
Let a(w) = -w**3 + 11*w**2 + 6*w + 4. Let b be a(11). Let z = 83 - b. What is the units digit of z?
3
Let p = -274 - -279. Suppose 3*d - 4348 = -4*j - d, p*j - 5443 = -3*d. What is the thousands digit of j?
1
Let j be (8/6)/4*27. Let f(m) be the second derivative of m**5/20 - 7*m**4/12 - 8*m**3/3 + 14*m**2 - 17*m. What is the tens digit of f(j)?
4
Let w(g) = 11*g**2 - 132*g - 942. What is the ten thousands digit of w(62)?
3
Suppose 5*o + 2 = 17. Suppose -5*a - d + 369 = 0, o*d + 316 = 4*a + 17. What is the tens digit of 2/(-1) + (a - 13)?
5
Let j = -32 - -3